) = 3*m**3 + 2*m**2 - 4*m + 6. Let d(f) = -f**3 - f**2 + 2*f. Let i(s) = 2*d(s) + w(s). Let j be i(3). What is the greatest common divisor of j and 22?
11
Let k = 39 - 38. Let m be k*((0 - 1) + 9). Let o = 12 + m. What is the highest common divisor of o and 5?
5
Let d(p) = -p**3 + 21*p**2 - 6*p + 6. Let f be d(21). Let g = 104 - f. Calculate the highest common divisor of g and 28.
28
Let r(q) = -5*q**3 - 8*q**3 + q**3 + 3*q + 12*q**3 + 5 - 4*q**3 - 9*q**2. Let u be r(-4). What is the greatest common factor of u and 3?
3
Let l be (-1 - 14/(-21))/(1/(-69)). Let z be l/(-2 + 9/3) + -5. Calculate the highest common divisor of z and 81.
9
Suppose -165 = 82*y - 77*y. Let f be (-3663)/y + 1*-9. Suppose -u - 2*t + 54 = 2*t, 3*u = 5*t + 77. Calculate the greatest common divisor of f and u.
34
Suppose -3*n + 3*o - 38 = 16, -5*o = n - 6. Let y(k) = 2*k**2 + 13*k - 15. Let r be y(n). Calculate the highest common divisor of 117 and r.
39
Let a be 43/(10 + (-1676)/168). What is the highest common factor of a and 86?
86
Suppose 0 = 5*n - 0*n - 1050. Suppose 1122 - n = 6*w. Suppose 3*b - 20*c = -17*c + 66, 4*c + 107 = 5*b. What is the highest common factor of w and b?
19
Suppose -18*m + 3207 - 1506 = -2331. What is the highest common factor of m and 70?
14
Let f be (-8)/((-24)/(-9)) + -209. Let n = f - -752. What is the greatest common factor of 36 and n?
36
Let y be (4 + -80)*-5 - (-8)/2. Let i = 639 - y. What is the highest common factor of i and 15?
15
Suppose -5*i = -6080 - 4390. Calculate the greatest common factor of 6 and i.
6
Let f be (21/(-24)*-2 - 3)*16. Let b(g) = g + 58. Let v be b(f). Let t be (1 - 191)*1/(-2). What is the greatest common factor of t and v?
19
Let f be ((-1560)/(-39))/(10/28). Let s(c) = c**2 - 14*c + 35. Let q be s(14). What is the highest common divisor of q and f?
7
Suppose -168 + 4 = 4*h. Let a = h - -60. Let d(i) = -46*i - 13. Let k be d(-4). What is the greatest common divisor of k and a?
19
Let s be (-930)/4*480/(-36). What is the greatest common divisor of s and 4?
4
Let y be ((-4)/8)/((-3)/12) + 14. Suppose -2*o + 6*o = 16. Let a = o + y. What is the highest common divisor of 20 and a?
20
Let r(l) = -3109*l - 8644. Let h be r(-10). Calculate the greatest common divisor of 9 and h.
9
Let q(f) = f**2 - 10*f - 29. Let s be q(14). Let k = 1273 + -1228. Calculate the greatest common divisor of s and k.
9
Let a(g) = 13*g**2 + 16*g - 27. Let s be a(2). Let m = 81 - s. Let j(p) = p**2 + p. Let w be j(2). What is the highest common divisor of w and m?
6
Let d(q) = -37*q - 4. Let z be d(-2). Suppose 9*k - 4*k = -5*o + 55, 0 = k + 5*o - 31. Suppose 28 = -2*y + k*y. Calculate the highest common divisor of y and z.
7
Let d = 4351 + -4330. What is the greatest common factor of d and 231?
21
Let i be ((-18)/15 + 1)*(-20 + -25). Calculate the highest common factor of 28395 and i.
9
Let x(n) = 6*n**2 - 84*n + 3. Suppose 15*h - 140 = 5*h. Let z be x(h). What is the greatest common divisor of z and 87?
3
Let x(k) = k**3 + 7*k**2 + 5*k + 3. Let y be x(-3). Let t = -323 - -606. Let d = t + -115. Calculate the greatest common divisor of y and d.
24
Let f be ((-760)/(-32))/((-15)/(-24)). Calculate the greatest common factor of 950 and f.
38
Let g(t) = 18*t - 662. Let b be g(44). What is the highest common divisor of b and 15470?
130
Let m be ((-6)/4)/((-4)/48). Let h = m + -12. Suppose -2*z + 1 - h = -3*t, 2*t + 5*z - 16 = 0. What is the greatest common divisor of t and 15?
3
Let j(u) = -180*u - 4208. Let h be j(-28). Calculate the highest common divisor of 494 and h.
26
Suppose 41*k - 385 = 36*k. Suppose -4*g + k = 3*g. Suppose -y + 2 = -g. Calculate the highest common factor of y and 91.
13
Suppose -34*t + 549 = -25*t. Suppose 6*a + 13 = t. What is the highest common factor of 10 and a?
2
Suppose -5*n + 3*x + 940 = 0, n - 5*x - 105 = 83. Calculate the highest common factor of n and 60.
4
Let u = 121 - 122. Let w be (u + 67)*171/38. Calculate the greatest common divisor of 66 and w.
33
Suppose -6*v = 527 + 97. Let x = 114 + v. What is the highest common divisor of 80 and x?
10
Let k = -393 - -400. Let p(o) be the third derivative of o**5/20 - o**4/8 + o**3/6 - 5*o**2. Let h be p(2). What is the greatest common factor of k and h?
7
Suppose -i + 5 = -0*h + 5*h, 2*i + 2*h = 10. Let z = -194 - -196. Suppose 0 = -0*c + 4*c, 570 = i*y + z*c. What is the greatest common factor of 76 and y?
38
Suppose -4*h = -2*m - 18, 4*h - 3*m = -0*m + 23. Let n be (-6)/h - (1 + -7). Suppose -n*s - 1 = -7. What is the greatest common divisor of 16 and s?
2
Let w be (3938/(-2864))/((-2)/16). Calculate the highest common divisor of 671 and w.
11
Let p = 8397 - -2461. Calculate the greatest common divisor of 244 and p.
122
Let a be -1 + (120 - (0 + -1)). Suppose 0 = 2*v + 8, 5*u - 37 = 4*v + 14. Suppose u*k - 460 = -124. What is the greatest common factor of a and k?
24
Suppose 0 = 15*o - 6*o - 54. Let c be o/(-15)*(1 + 1 + -7). Suppose -2*h = -r + c*h + 106, 3*r - 296 = h. What is the highest common divisor of 14 and r?
14
Let y be ((-2)/(-6))/((-34)/(-174420)). What is the highest common divisor of y and 45?
45
Suppose -698*g = -704*g + 1782. Let c be -1 + (-1 - -70) + -2. What is the greatest common divisor of c and g?
33
Let z = -230 - -226. Let x be z + (-1*12)/(-2). What is the highest common factor of 16 and x?
2
Let o be 8097 - (29 - 9) - 7/1. What is the highest common divisor of o and 60?
30
Suppose 69*d - l - 4 = 67*d, 3*d = -5*l - 7. What is the highest common divisor of d and 847?
1
Suppose -4*n = -9*n + 4*o + 526, 506 = 5*n + o. Calculate the greatest common factor of n and 646.
34
Suppose 42 - 27 = p. Suppose -v - 2 = 5*k, 2*k - p - 5 = -3*v. Suppose -q + 6 + v = 0. What is the greatest common divisor of q and 112?
14
Suppose -3*q = -5*x + 906, -1356 = -5*x - q - 458. Let f = -5808 + 5880. Calculate the greatest common factor of f and x.
36
Let r be (2 + 46/(-10))/((-7)/35). Suppose -r*p = -p - 108. Calculate the highest common factor of 279 and p.
9
Let s = -20 - -24. Let j(i) = -24*i + 226. Let t be j(9). Calculate the greatest common divisor of s and t.
2
Let c be (-2)/13 + (-57960)/130. Let p = -444 - c. What is the highest common factor of 2 and p?
2
Suppose 527 = 6*p + 5. Let x be (-315)/14*(-4)/(-3). Let i = -1 - x. Calculate the highest common divisor of i and p.
29
Suppose 4*w + 15*b - 16*b = 105, 4*b = 2*w - 70. What is the greatest common divisor of w and 175?
25
Let r(i) = 2*i**3 - 35*i**2 + 121*i - 13. Let u be r(15). Let x = 1061 - u. Calculate the highest common divisor of x and 12.
12
Suppose b - 6*s + 2*s - 79 = 0, 2*b - s - 151 = 0. Suppose 2*i + 0*x = 5*x + 105, -5*x + b = i. What is the greatest common divisor of i and 12?
12
Let b = -13233 + 13941. Calculate the greatest common divisor of b and 84.
12
Let l be (-1 - 0) + 1 - -47. Let k be (94/10*15/4)/(21/56). Calculate the highest common factor of l and k.
47
Let u(m) = 3*m**2 + 12*m + 37. Let c be u(-3). Let b be 194 + (50/20 - (-2)/(-4)). Calculate the highest common factor of c and b.
28
Let w = -10599 - -14553. What is the highest common divisor of 30 and w?
6
Let w = 6641 + -3801. Suppose 0 = -13*a + w - 838. What is the highest common divisor of a and 28?
14
Suppose -85 - 23 = -4*w. Let o(j) = 8*j**2 + 1. Suppose 3*a - d = 5, 6*a = 9*a + 2*d + 1. Let u be o(a). Calculate the highest common factor of w and u.
9
Suppose 0 = -4*y - 2*f + 158, -23 - 2 = 5*f. Let z = -225 - -239. Calculate the highest common factor of z and y.
14
Let n be (-33835)/(-10) - 8/20*(-10)/8. Calculate the greatest common divisor of n and 72.
72
Suppose 5*a - 5113 = -n, 28*n = 5*a + 33*n - 5085. Calculate the highest common divisor of 480 and a.
32
Let c = 1846 + -1234. What is the greatest common divisor of 68 and c?
68
Let f = 6 + 74. Let x = -64 + f. Suppose -17*n + 22 = -x*n. Calculate the highest common divisor of 121 and n.
11
Let f = 1068 - 928. Suppose 3*p = -5*y + 10, -1 = -4*y - 3*p + 7. Let l be (37 - y)*(-1 - -2). Calculate the greatest common factor of l and f.
35
Suppose 4*v - 25 = 2*z + 1, -3*v = -2*z - 22. Suppose a = v*c + 156, 5*a - 5*c = -0*a + 720. What is the highest common divisor of 28 and a?
28
Suppose 0*j + 2*j = -174. Let f = 148 + j. Let k = 124 - f. What is the highest co